{"id":102,"date":"2013-12-05T00:55:15","date_gmt":"2013-12-05T00:55:15","guid":{"rendered":"http:\/\/liceobr.com\/historia\/?page_id=102"},"modified":"2013-12-05T00:59:45","modified_gmt":"2013-12-05T00:59:45","slug":"5-abel","status":"publish","type":"page","link":"https:\/\/liceobr.com\/historia\/?page_id=102","title":{"rendered":"5. Abel"},"content":{"rendered":"<p><b>Abel Piovesan.<\/b><\/p>\n<p>Nasceu em 21 de setembro de 1932 em Bom Retiro. Foi batizado no dia 22 de setembro de 1932 sendo seus padrinhos Guerino Rossato e \u00c2ngela Rasia. E foi crismado em 1937 sendo seu padrinho Jo\u00e3o Piovesan.<\/p>\n<p>Sempre\u00a0 \u201c sem planejamento familiar\u201d \u2013 a natureza pura e s\u00e1bia chegou o Abel ap\u00f3s mais ou menos dois anos, crian\u00e7a franzina e que gostava de brincadeiras criativas tais como: bois e cavalos de sabugo ou pepinos, carretos de ou zorra de lasca de madeira e roubavam os caicho de fumo para fazer a mangueira e cercas.E a roda de moinho quando chovia, que fazia andar os fios (roubados da m\u00e3e) pelas \u00e1guas que caia nas p\u00e1s, da casca. Isso para quem conhecia a natureza pura era uma prova de \u201cengenheiro.\u201d Tamb\u00e9m fazia \u201ccarretos\u201de os empurrava roncando como se fossem de verdade e isso at\u00e9 a idade adulta, ensinava aos filhos. (Thereza Piovesan).<\/p>\n<p>Estudou at\u00e9 o 4\u00b0 ano, sendo sua primeira professora Rita Rossato.<\/p>\n<p>Mais tarde vendo a necessidade de estudar cursou o Mobral (O Movimento Brasileiro de Alfabetiza\u00e7\u00e3o) que correspondia ao ensino m\u00e9dio sendo seu professora Zita Pelegrin. Como na escola n\u00e3o havia energia el\u00e9trica cada um trazia de casa sua lamparina \u00e0 querosene. Sua filha <i>Maristela relata que: &#8220;Como as carteiras eram conjugadas, num dia de prova percebendo que seu colega espichava o olhar para sua prova de matem\u00e1tica o que ele fez: respondeu as quest\u00f5es\u00a0 todas erradas, ap\u00f3s o colega entregar a prova ele refez as respostas corretamente. Quando receberam a prova com as notas o colega em quest\u00e3o veio questionar o resultado e percebeu a enrascada que havia se metido\u201d&#8230;<\/i><\/p>\n<p>Aos 15 anos quebrou a perna quando estava correndo uma carreira com seu irm\u00e3o Achiles, onde seu cavalo n\u00e3o venceu uma curva resvalou e caiu e Abel ficou com uma perna embaixo do cavalo.<\/p>\n<div id=\"attachment_103\" style=\"width: 650px\" class=\"wp-caption aligncenter\"><a href=\"http:\/\/liceobr.com\/historia\/wp-content\/uploads\/2013\/12\/junho48.jpg\"><img loading=\"lazy\" decoding=\"async\" aria-describedby=\"caption-attachment-103\" class=\"size-large wp-image-103\" alt=\"Quebrou a perna dia 19 de maio de 1948. Conforme texto de carta de junho de 1948,  do Lino para a namorada\" src=\"http:\/\/liceobr.com\/historia\/wp-content\/uploads\/2013\/12\/junho48-1024x317.jpg\" width=\"640\" height=\"198\" srcset=\"https:\/\/liceobr.com\/historia\/wp-content\/uploads\/2013\/12\/junho48-1024x317.jpg 1024w, https:\/\/liceobr.com\/historia\/wp-content\/uploads\/2013\/12\/junho48-300x93.jpg 300w, https:\/\/liceobr.com\/historia\/wp-content\/uploads\/2013\/12\/junho48.jpg 2036w\" sizes=\"(max-width: 640px) 100vw, 640px\" \/><\/a><p id=\"caption-attachment-103\" class=\"wp-caption-text\">Quebrou a perna dia 19 de maio de 1948. Conforme texto de carta de junho de 1948, do Lino para a namorada<\/p><\/div>\n<p>Na \u00e9poca n\u00e3o tinha m\u00e9dico ent\u00e3o chamaram Domingos Casarin que entedia de ossos e colocou no lugar e amarando as talas e tinha que ficar imobilizado. Mas uma noite deu um temporal levou um susto e sem percebe mexeu a perna colando fora do lugar. Mais tarde percebeu que sua perna estava alguns cent\u00edmetros mais curta, o que mais tarde lhe deu problemas de coluna.<\/p>\n<p>Em 1945, Abel come\u00e7ou a tocar e cantar num conjunto chamado de Jazz Aurora, juntamente com seu irm\u00e3o Pio e outros companheiros. Na \u00e9poca contava com apenas 13 anos. Geralmente tocavam nas festas da igreja, mas aconteceu que numa elei\u00e7\u00e3o municipais e estaduais foram convidados a viajar, geralmente em caminh\u00f5es de cargas para Pinhal Grande, N\u00facleo Norte, Novo Treviso entre outros. Conforme foram casando o entusiasmo foi acabando e com o surgimento de alto falantes e discos tudo acabou em 1954.<\/p>\n<p>Segundo relato feito por Selestino Rossato (Guerino), Abel desde\u00a0 jovem como seus irm\u00e3os\u00a0 sempre foi muito atuante e gostava de estar a par da realidade atual da \u00e9poca. Uma forma encontrada de participar era atrav\u00e9s de um movimento criado em meados de 1950, este movimento era o JAC (Juventude Agr\u00e1ria Crist\u00e3), com o objetivo de preparar os jovens para a vida e tinha um fundo religioso. Neste grupo eram discutidos temas do cotidiano como: Viv\u00eancia, casamento, produ\u00e7\u00e3o, valores, religiosidade, eram temas que os preparavam para a vida, e era um grupo bem serio e confiante. Da comunidade de Bom Retiro (localizada a 3 km de Nova Palma) havia 16 jovens que participavam destes encontros, sob a condena\u00e7\u00e3o de Pe. Luiz e Pe. Breno Simonetti. O grupo era composto por: Abel Piovesan, Benjamim Rasia Rossato, Selestino Rossato, Avelino Binotto, Henrique Binotto, Algemiro Vestena, Euclides Vestena, Hermes Al\u00e9ssio Rossato, Valdecir Al\u00e9ssio Rossato, Guido Zanon, Alcides Bertoldo, Ov\u00eddio Bertoldo, Aduilho Cancian, Rosalino Vedovatto e Alcides Dalla Nora. Este grupo durou mais ou menos 5 anos depois com o casamento de alguns e o distanciamento de outros\u00a0 o grupo morreu naturalmente.<\/p>\n<p>O namoro com Alzira Come\u00e7ou, em uma ocasi\u00e3o em que um grupo de amigos foi num passeio at\u00e9 a Usina e na volta Abel come\u00e7ou a conversar e posteriormente pediu a autoriza\u00e7\u00e3o para namorar, que durou por quatro anos e posteriormente o casamento.<\/p>\n","protected":false},"excerpt":{"rendered":"<p>Abel Piovesan. Nasceu em 21 de setembro de 1932 em Bom Retiro. Foi batizado no dia 22 de setembro de 1932 sendo seus padrinhos Guerino Rossato e \u00c2ngela Rasia. E foi crismado em 1937 sendo seu padrinho Jo\u00e3o Piovesan. Sempre\u00a0 \u201c sem planejamento familiar\u201d \u2013 a natureza pura e s\u00e1bia chegou o Abel ap\u00f3s mais [&hellip;]<\/p>\n","protected":false},"author":1,"featured_media":0,"parent":0,"menu_order":0,"comment_status":"open","ping_status":"open","template":"","meta":{"footnotes":""},"class_list":["post-102","page","type-page","status-publish","hentry"],"_links":{"self":[{"href":"https:\/\/liceobr.com\/historia\/index.php?rest_route=\/wp\/v2\/pages\/102"}],"collection":[{"href":"https:\/\/liceobr.com\/historia\/index.php?rest_route=\/wp\/v2\/pages"}],"about":[{"href":"https:\/\/liceobr.com\/historia\/index.php?rest_route=\/wp\/v2\/types\/page"}],"author":[{"embeddable":true,"href":"https:\/\/liceobr.com\/historia\/index.php?rest_route=\/wp\/v2\/users\/1"}],"replies":[{"embeddable":true,"href":"https:\/\/liceobr.com\/historia\/index.php?rest_route=%2Fwp%2Fv2%2Fcomments&post=102"}],"version-history":[{"count":3,"href":"https:\/\/liceobr.com\/historia\/index.php?rest_route=\/wp\/v2\/pages\/102\/revisions"}],"predecessor-version":[{"id":106,"href":"https:\/\/liceobr.com\/historia\/index.php?rest_route=\/wp\/v2\/pages\/102\/revisions\/106"}],"wp:attachment":[{"href":"https:\/\/liceobr.com\/historia\/index.php?rest_route=%2Fwp%2Fv2%2Fmedia&parent=102"}],"curies":[{"name":"wp","href":"https:\/\/api.w.org\/{rel}","templated":true}]}}